{"id":11,"date":"2024-10-18T16:17:31","date_gmt":"2024-10-18T14:17:31","guid":{"rendered":"http:\/\/www.christiantellez.com\/?page_id=11"},"modified":"2025-02-25T18:39:27","modified_gmt":"2025-02-25T17:39:27","slug":"presentation","status":"publish","type":"page","link":"https:\/\/www.christiantellez.com\/index.php\/presentation\/","title":{"rendered":"Pr\u00e9sentation"},"content":{"rendered":"\t\t<div data-elementor-type=\"wp-page\" data-elementor-id=\"11\" class=\"elementor elementor-11\">\n\t\t\t\t<div class=\"elementor-element elementor-element-74ca999 e-flex e-con-boxed e-con e-parent\" data-id=\"74ca999\" data-element_type=\"container\" data-e-type=\"container\">\n\t\t\t\t\t<div class=\"e-con-inner\">\n\t\t\t\t<div class=\"elementor-element elementor-element-2189ff6 elementor-widget elementor-widget-heading\" data-id=\"2189ff6\" data-element_type=\"widget\" data-e-type=\"widget\" data-widget_type=\"heading.default\">\n\t\t\t\t<div class=\"elementor-widget-container\">\n\t\t\t\t\t<h2 class=\"elementor-heading-title elementor-size-default\">Christian Tellez : un artiste polyvalent au service de votre image<\/h2>\t\t\t\t<\/div>\n\t\t\t\t<\/div>\n\t\t\t\t<div class=\"elementor-element elementor-element-28919d3 elementor-widget elementor-widget-spacer\" data-id=\"28919d3\" data-element_type=\"widget\" data-e-type=\"widget\" data-widget_type=\"spacer.default\">\n\t\t\t\t<div class=\"elementor-widget-container\">\n\t\t\t\t\t\t\t<div class=\"elementor-spacer\">\n\t\t\t<div class=\"elementor-spacer-inner\"><\/div>\n\t\t<\/div>\n\t\t\t\t\t\t<\/div>\n\t\t\t\t<\/div>\n\t\t\t\t\t<\/div>\n\t\t\t\t<\/div>\n\t\t<div class=\"elementor-element elementor-element-3dd169c e-flex e-con-boxed e-con e-parent\" data-id=\"3dd169c\" data-element_type=\"container\" data-e-type=\"container\">\n\t\t\t\t\t<div class=\"e-con-inner\">\n\t\t<div class=\"elementor-element elementor-element-f9458ae e-con-full e-flex e-con e-child\" data-id=\"f9458ae\" data-element_type=\"container\" data-e-type=\"container\">\n\t\t\t\t<div class=\"elementor-element elementor-element-c8145cd elementor-widget elementor-widget-image\" data-id=\"c8145cd\" data-element_type=\"widget\" data-e-type=\"widget\" data-widget_type=\"image.default\">\n\t\t\t\t<div class=\"elementor-widget-container\">\n\t\t\t\t\t\t\t\t\t\t\t\t\t\t\t<img fetchpriority=\"high\" decoding=\"async\" width=\"495\" height=\"1000\" src=\"https:\/\/www.christiantellez.com\/wp-content\/uploads\/2025\/02\/Photo-Agnes-Colombo-Portrait-Christian-Tellez-1.jpg\" class=\"attachment-large size-large wp-image-289\" alt=\"\" srcset=\"https:\/\/www.christiantellez.com\/wp-content\/uploads\/2025\/02\/Photo-Agnes-Colombo-Portrait-Christian-Tellez-1.jpg 495w, https:\/\/www.christiantellez.com\/wp-content\/uploads\/2025\/02\/Photo-Agnes-Colombo-Portrait-Christian-Tellez-1-149x300.jpg 149w\" sizes=\"(max-width: 495px) 100vw, 495px\" \/>\t\t\t\t\t\t\t\t\t\t\t\t\t\t\t<\/div>\n\t\t\t\t<\/div>\n\t\t\t\t<div class=\"elementor-element elementor-element-5d5e57f elementor-widget elementor-widget-text-editor\" data-id=\"5d5e57f\" data-element_type=\"widget\" data-e-type=\"widget\" data-widget_type=\"text-editor.default\">\n\t\t\t\t<div class=\"elementor-widget-container\">\n\t\t\t\t\t\t\t\t\t<p>Photos \u00a9 <a href=\"https:\/\/www.agnescolombo.com\/\">Agn\u00e8s Colombo<\/a><\/p>\t\t\t\t\t\t\t\t<\/div>\n\t\t\t\t<\/div>\n\t\t\t\t<\/div>\n\t\t<div class=\"elementor-element elementor-element-dd23f76 e-con-full e-flex e-con e-child\" data-id=\"dd23f76\" data-element_type=\"container\" data-e-type=\"container\">\n\t\t\t\t<div class=\"elementor-element elementor-element-488264f elementor-widget elementor-widget-text-editor\" data-id=\"488264f\" data-element_type=\"widget\" data-e-type=\"widget\" data-widget_type=\"text-editor.default\">\n\t\t\t\t<div class=\"elementor-widget-container\">\n\t\t\t\t\t\t\t\t\t<p>D\u00e9couvrez mon parcours d&#8217;artiste, d&#8217;illustrateur, dee graphiste et motion designer.<\/p><p data-start=\"1594\" data-end=\"1851\">Je suis <strong data-start=\"1602\" data-end=\"1641\">graphiste, illustrateur et vid\u00e9aste<\/strong>, passionn\u00e9 par l\u2019image sous toutes ses formes. Mon parcours m\u2019a amen\u00e9 \u00e0 travailler dans des domaines vari\u00e9s : <strong data-start=\"1752\" data-end=\"1827\">japanimation, post-production vid\u00e9o, jeux de soci\u00e9t\u00e9, papeterie festive<\/strong>, et bien plus encore.<\/p><p data-start=\"1853\" data-end=\"2275\">Dipl\u00f4m\u00e9 de l\u2019<strong data-start=\"1866\" data-end=\"1884\">\u00c9cole Estienne<\/strong>, j\u2019ai d\u2019abord exerc\u00e9 chez un \u00e9diteur de japanimation, puis dans un studio de post-production vid\u00e9o, avant de co-fonder <strong data-start=\"2004\" data-end=\"2019\">Ticky-Tacky<\/strong>, une marque de papeterie cr\u00e9ative. J\u2019ai \u00e9galement \u00e9t\u00e9 <strong data-start=\"2074\" data-end=\"2127\">responsable graphique, marketing et communication<\/strong> chez un \u00e9diteur de jeux de soci\u00e9t\u00e9, o\u00f9 j\u2019ai con\u00e7u des identit\u00e9s visuelles, du packaging et du contenu vid\u00e9o pour le print et les r\u00e9seaux sociaux.<\/p><p data-start=\"2277\" data-end=\"2538\">Aujourd\u2019hui, en tant que <strong data-start=\"2302\" data-end=\"2315\">freelance<\/strong>, j\u2019accompagne mes clients dans la cr\u00e9ation de <strong data-start=\"2362\" data-end=\"2393\">supports visuels impactants<\/strong> : identit\u00e9 graphique, \u00e9dition, packaging, motion design, illustration\u2026 Mon objectif est de donner du <strong data-start=\"2495\" data-end=\"2519\">sens et du dynamisme<\/strong> \u00e0 chaque projet.<\/p><p data-start=\"2540\" data-end=\"2779\">En parall\u00e8le, je partage mon expertise en tant qu\u2019<strong data-start=\"2590\" data-end=\"2637\">intervenant et formateur sur la suite Adobe<\/strong>, ainsi qu\u2019en tant que <strong data-start=\"2660\" data-end=\"2684\">professeur de dessin<\/strong>, transmettant aux \u00e9tudiants et professionnels les cl\u00e9s d\u2019une communication visuelle r\u00e9ussie.<\/p><p data-start=\"2781\" data-end=\"2832\">Si vous avez un projet cr\u00e9atif, discutons-en ! \ud83d\ude80<\/p>\t\t\t\t\t\t\t\t<\/div>\n\t\t\t\t<\/div>\n\t\t\t\t<\/div>\n\t\t\t\t\t<\/div>\n\t\t\t\t<\/div>\n\t\t<div class=\"elementor-element elementor-element-cedea7a e-flex e-con-boxed e-con e-parent\" data-id=\"cedea7a\" data-element_type=\"container\" data-e-type=\"container\">\n\t\t\t\t\t<div class=\"e-con-inner\">\n\t\t\t\t\t<\/div>\n\t\t\t\t<\/div>\n\t\t\t\t<\/div>\n\t\t","protected":false},"excerpt":{"rendered":"<p>Christian Tellez : un artiste polyvalent au service de votre image Photos \u00a9 Agn\u00e8s Colombo D\u00e9couvrez mon parcours d&#8217;artiste, d&#8217;illustrateur, dee graphiste et motion designer.<span class=\"more-button\"><a href=\"https:\/\/www.christiantellez.com\/index.php\/presentation\/\" class=\"more-link\">Continue reading<span class=\"screen-reader-text\">Pr\u00e9sentation<\/span><\/a><\/a><\/p>\n","protected":false},"author":1,"featured_media":0,"parent":0,"menu_order":0,"comment_status":"closed","ping_status":"closed","template":"elementor_header_footer","meta":{"footnotes":""},"class_list":["post-11","page","type-page","status-publish","hentry"],"_links":{"self":[{"href":"https:\/\/www.christiantellez.com\/index.php\/wp-json\/wp\/v2\/pages\/11","targetHints":{"allow":["GET"]}}],"collection":[{"href":"https:\/\/www.christiantellez.com\/index.php\/wp-json\/wp\/v2\/pages"}],"about":[{"href":"https:\/\/www.christiantellez.com\/index.php\/wp-json\/wp\/v2\/types\/page"}],"author":[{"embeddable":true,"href":"https:\/\/www.christiantellez.com\/index.php\/wp-json\/wp\/v2\/users\/1"}],"replies":[{"embeddable":true,"href":"https:\/\/www.christiantellez.com\/index.php\/wp-json\/wp\/v2\/comments?post=11"}],"version-history":[{"count":32,"href":"https:\/\/www.christiantellez.com\/index.php\/wp-json\/wp\/v2\/pages\/11\/revisions"}],"predecessor-version":[{"id":346,"href":"https:\/\/www.christiantellez.com\/index.php\/wp-json\/wp\/v2\/pages\/11\/revisions\/346"}],"wp:attachment":[{"href":"https:\/\/www.christiantellez.com\/index.php\/wp-json\/wp\/v2\/media?parent=11"}],"curies":[{"name":"wp","href":"https:\/\/api.w.org\/{rel}","templated":true}]}}